*2 + 3. Calculate l(i).
20
Let z(c) be the second derivative of c**5/20 - 7*c**4/12 + c**3 + 9*c**2 - 19*c + 2. Calculate z(4).
-6
Let u(t) = 163*t + 183*t - 16 - 349*t. Determine u(1).
-19
Suppose -13*m = m + 7*m + 378. Let j(w) = w**3 + 19*w**2 + 18*w + 13. Determine j(m).
13
Let t(q) = 51*q**3 - 57*q**2 + 5*q + 53. Let n(k) = 29*k**3 - 29*k**2 + 3*k + 26. Let b(z) = -7*n(z) + 4*t(z). Determine b(25).
5
Suppose -2*q + 5*p = 12, 3*q = -5*p - 3*p + 75. Let z(g) = -g**3 + 11*g**2 - 19*g + 21. Calculate z(q).
12
Let r(q) = -2*q**3 + 13*q**2 - 6*q - 2. Let w be r(6). Suppose c = 0, -3*c = 4*u - 6*c - 32. Let k(y) = -u*y + 52 + 4*y - 54. Calculate k(w).
6
Let a(g) = g - 4*g**3 + 0*g**2 + 5*g**3 - g**2. Let x be (2 - 2)/(-3 + 2). Suppose -70*s + 78*s - 8 = x. Determine a(s).
1
Let v(i) be the first derivative of -1/4*i**4 - 9*i + 1/2*i**2 + 25 + 1/3*i**3. Let m = 104 + -104. What is v(m)?
-9
Let a(g) = -2*g + 10. Let y = -50 + 50. Let p be (-6 - (-4 - y))*7/(-2). Calculate a(p).
-4
Suppose 174 = 2*f + 502. Let y = f + 154. Let i(v) = -v**3 - 11*v**2 - 12*v - 13. Give i(y).
7
Suppose l - 52 = -5*p, -3*p + 2*p = -2*l - 17. Let d(n) = -p*n**2 + 20*n + 8 - 16*n + 10*n**2. What is d(6)?
-4
Let z(j) = -2 + j - 55*j**2 - 6 - 5*j - j + 56*j**2. Suppose -10 + 2 = -4*m. Suppose 4*i = m*i + 3*r + 17, 4*i = 5*r + 33. Give z(i).
6
Let g(f) = -f**3 - 13*f**2 - 3*f + 18. Suppose -59*c = -63*c - 5*i - 97, 4*i = 2*c - 10. Calculate g(c).
57
Suppose 5*x + 36 = 11, -h = 2*x + 2. Let r(c) = c**2 - 7*c + 6. Give r(h).
14
Let z(g) = 8*g - 11. Let m(x) = -3*x + 1. Let h(c) = 4*m(c) + z(c). Calculate h(-5).
13
Let d(z) = -19*z - 233. Let i(f) = 17*f + 192. Let n(j) = 5*d(j) + 6*i(j). Determine n(0).
-13
Let u(s) = -s**3 - 3*s**2. Let d be -4*(5 + 0)*12/(-16). Let p be (-7)/(-7) - d*(-1)/(-3). Give u(p).
16
Let w be ((-45)/(22 - -23))/((-23)/11 + 2). Let r(p) = 2*p - 48. What is r(w)?
-26
Let d = 4199 + -4211. Let n(j) = -j + 23. Calculate n(d).
35
Let p(q) = 144 - 134 - 7*q**2 + 7*q - 6*q**2 + 8*q**2. Give p(-2).
-24
Let z(x) = 5*x**2 - 452*x + 574. Let u be z(89). Let o(p) = 4*p + 214. What is o(u)?
18
Let z(k) = -9*k**2 + 44*k + 11. Let g(h) = 289*h + 583. Let m be g(-2). Calculate z(m).
6
Suppose -n + 78 = 4*s - 10, 2*s + n - 42 = 0. Let i = s + -30. Let q(z) = -z**3 - 7*z**2 + 3*z - 7. What is q(i)?
-28
Let o(w) be the second derivative of 2/3*w**3 + 0 + 38*w + 0*w**2 + 1/6*w**4. Let i(c) = c**2 - c - 1. Let t(v) = -3*i(v) + o(v). Determine t(7).
3
Let i(n) = n**3 + 24*n**2 + 4*n + 91. Suppose 36 = 6*w, -3*m - 4*w - 27 = 21. What is i(m)?
-5
Let g be ((33 - 24)*4/(-6))/2. Let b(r) be the third derivative of -1/8*r**4 - 2/3*r**3 + 1/20*r**5 + 0 + 1/120*r**6 + 0*r - 5*r**2. What is b(g)?
5
Let y(o) = -13*o**2 - 40*o - 22. Let j(q) = 3*q**2 + 10*q + 5. Let w(k) = 9*j(k) + 2*y(k). Let h(i) = 11*i + 139. Let d be h(-13). Calculate w(d).
-23
Let p = 24490 - 24465. Let o(s) = -s**3 + 24*s**2 + 28*s - 73. Give o(p).
2
Suppose 4*h = l - 4 + 19, 3*h = 5*l + 24. Let g(a) = 0 - a**2 + 3*a + a**3 - 3*a**2 - 2 - a. Give g(h).
-5
Let b(n) = 159 + 6339*n - 3177*n - 3180*n. Give b(9).
-3
Let r be (5 - 3 - 3) + 5. Let l(d) = -d**3 + 2*d**2 + 17*d - 37. What is l(r)?
-1
Let l(h) = h**3 - 8*h**2 - h + 2. Let u = -618 - -620. Suppose u*z - 8 = -2*t, -t + 12 = z - 2*t. Give l(z).
-6
Suppose -3*z - t = -2*t + 135, 4*z + t = -173. Let v = 46 + z. Let o(y) = -3*y**v - 5*y**2 + 0 - 4*y + 4*y**2 - 3. Calculate o(-2).
-11
Let s(i) = i**3 + 9*i**2 + 14*i - 17. Let v(f) = 14*f**2 - 98*f + 78. Let n be v(6). Give s(n).
7
Let m(u) = -u**2 - 18*u + 882. Let n be m(22). Let w(g) = 6*g**2 - 2*g + 2. Determine w(n).
22
Let w(g) be the second derivative of g**6/120 + 2*g**5/15 + g**4/6 + 5*g**3/6 + 269*g**2/2 + 136*g. Let k(d) be the first derivative of w(d). Give k(-6).
53
Let l = -172 + 186. Let w be (4/l)/((-34)/119). Let y(p) = p - 2. Give y(w).
-3
Let f(z) = -2*z - 1. Let n(v) = 13*v - 5. Let x(k) = -2*f(k) - n(k). Let h(i) = 4*i - 4. Let o(y) = -7*h(y) - 3*x(y). Calculate o(-6).
13
Let g(c) = -16*c + 40. Suppose 310 + 415 = 145*x. Calculate g(x).
-40
Let t(q) = 3054*q - 60 - 6109*q + 3060*q - 56. What is t(23)?
-1
Let m(k) = 41*k + 87. Let p be -15 + 30 + -10 + (-3 - 4). Give m(p).
5
Let v(a) be the second derivative of 7/6*a**3 - 1/20*a**5 + 0 + 0*a**2 + 9*a - 1/2*a**4. Determine v(-7).
0
Let l(u) = -19845*u + 1 - 2 + 19848*u. Let b(q) = -7*q - 5. Let i(y) = -b(y) - 2*l(y). What is i(3)?
10
Let w(p) = p - 13. Let h = -38 - -118. Let k be 5/(h/88) - 2/(-4). Determine w(k).
-7
Let k(m) = m**3 - 6*m**2 - 12*m + 20. Let n = 20472 + -20465. Give k(n).
-15
Let s(n) = -n**3 + 4*n**2 - 3*n + 5. Let m be (-15)/12 + (-105)/60. Let d(f) = -f**3 + 4*f**2 - 3*f + 4. Let b(p) = m*d(p) + 2*s(p). What is b(3)?
-2
Let s(n) be the third derivative of n**6/120 - n**5/5 + n**4/2 + 2*n**3/3 + 7613*n**2. Give s(11).
15
Let m(p) be the second derivative of 7*p**3/6 + 55*p**2 + 1299*p - 2. Calculate m(-15).
5
Let h(w) be the third derivative of 0 - 7/24*w**4 + 0*w + 78*w**2 + 1/2*w**3. What is h(3)?
-18
Let m(s) = s**2 + 81*s - 2395. Let z be m(23). Let x(n) = -4*n - 18. Determine x(z).
-6
Let v(t) = -42*t + 51 - 16 - 22 + 40*t. What is v(5)?
3
Let b be 5/25*0 + 0. Suppose g = 2*j - 19 - 23, b = -2*g. Let n(d) = -j*d - 14 + 21 - 6. What is n(1)?
-20
Let v(p) = p**3 - 13*p**2 + 34*p + 32. Let r be 9*((5 + 49)/(-9) + 7). What is v(r)?
14
Let d(j) = j**3 + 15*j**2 + 23*j - 14. Let q(x) = 3*x**3 + 42*x**2 + 64*x - 39. Let g(v) = -11*d(v) + 4*q(v). Calculate g(-2).
-4
Suppose 2*c + 7 = 15. Suppose 4*w = -12, 6*g - 2*g - c*w - 28 = 0. Let r(p) be the first derivative of -p**3/3 + p**2/2 - 3. Calculate r(g).
-12
Let d(r) = 725*r - 2169. Let y be d(3). Let x(v) = v**3 - 7*v**2 + 3*v - 14. Calculate x(y).
-32
Let z(q) = q**2 - 11*q + 4. Let u be -2 + 4 + 4 + 4. Suppose -142 = -u*n - 32. What is z(n)?
4
Suppose 3*z = -3*w + 58 - 22, 5*z - 2*w - 32 = 0. Let i(l) be the second derivative of -l**3/3 + 13*l**2/2 + l. Give i(z).
-3
Suppose -166 - 368 - 148 = -22*l. Let v(m) = -5*m + 136. What is v(l)?
-19
Let k(c) = c + 10. Let z(y) be the first derivative of -3*y**4/4 - y**3 - y**2 + 6. Let m be z(-2). Let w = 16 - m. Determine k(w).
10
Let t(d) = d**3 - 11*d**2 + 27*d + 2. Suppose 33*a - 945 = -813. Give t(a).
-2
Let d(m) = -40*m + 154. Suppose 36*z = 72 + 72. Let p be d(z). Let f(g) = g**3 + 7*g**2 + 3*g - 2. Determine f(p).
16
Suppose 4*b = -m - 21, -2*b = -4*b + 3*m + 7. Let r be ((-39)/12)/(-1) + (-3)/b. Let d be 1/(-6) + r*(-3)/(-72). Let q(j) = j**3 - j**2 - j + 8. Determine q(d).
8
Let z(j) = 286*j - 5963. Let d be z(21). Let c(o) be the first derivative of -11/2*o**2 + 1/3*o**3 - 5*o - d. Calculate c(11).
-5
Let x(u) = 3 - 8*u**2 + 52*u - 50*u + 1 - 2 + 5*u**2. Let b(m) = -m**3 + 3*m**2 - 2*m + 6. Let a be b(4). Let r be 3*1*(-12)/a. Determine x(r).
-6
Let y(w) = 2 - 31*w + 1 - w**2 + 33*w. Let r(q) = -q**2 + 10*q + 15. Let t be r(11). What is y(t)?
-5
Let z(j) = 5*j**2 + 10. Suppose 23*b - 19*b - 36 = 0. Let g(t) = -11*t**2 - 2*t - 20. Let r(q) = b*z(q) + 4*g(q). Give r(5).
-5
Suppose 0 = -350*a + 2656 + 1544. Let f(n) = -3*n**3 + 34*n**2 + 25*n - 7. Give f(a).
5
Let h = -2592 + 2600. Let l(z) = -z**3 + 6*z**2 + 14*z + 15. What is l(h)?
-1
Let s be -18 + (0 - (-14 - 2)). Let r(h) = 4*h**3 + 2*h**2 + 8*h + 9. Calculate r(s).
-31
Let o = -103 + 112. Let x(b) = -b**2 + 5*b + 9. Determine x(o).
-27
Let h(k) be the second derivative of -k**2/2 - 2*k + 37. Let u(n) = -3*n - 1. Let o(t) = 2*h(t) - u(t). What is o(3)?
8
Let g(h) = 7*h + 10*h + 12*h**2 + 10 + 3 - 20*h**2 + 9*h**2. Calculate g(-20).
73
Let u be 7 + (-1)/(2/(-4)). Let m(x) = 47*x**3 - 16*x**2 + 17*x - 44. Let j(z) = 17*z**3 - 5*z**2 + 6*z - 15. Let r(l) = -11*j(l) + 4*m(l). Calculate r(u).
7
Let z = -2757 + 2760. Let t(s) be the second derivative of -3/2*s**2 + 0*s**z + 0 - 14*s - 1/12*s**4. Calculate t(-4).
-19
Let m(o) be the first derivative of o**2 - 2*o + 1. Let s be (15/(-6))/((-22)/44). Suppose -4*x = s*f + 6, -9*f + 4*f = x + 9. Give m(f).
-6
Let d(k) = -2*k - 3*k - 1 + 6*k. Suppose -15394*v - 24 = -15388*v. Calculate d(v).
-5
Suppose -4*y + 574 = 2474. Let x = -474 - y. Let n(t) = 21*t**2. Give n(x).
21
Let k(c) be the second derivative of -17/6*c**3 + 1/